 - 5. What are the prime factors of x(m)?
2, 3, 17
Let i(b) = 11*b**2 + 14*b + 10. Suppose 95 = -15*t + 1280. Suppose -t*h = -81*h - 10. What are the prime factors of i(h)?
5, 43
Suppose 5*d - 2*k = 39, d + 3*k = 3*d - 20. Let o(t) = 14*t**2 - 13*t + 15. List the prime factors of o(d).
2, 5, 61
Suppose 11*q + 4680 = -19*q. Let w = q + 194. List the prime factors of w.
2, 19
Let v(y) = 83*y**2 - 219*y + 6. Suppose -7*c - 34 = -76. List the prime factors of v(c).
2, 3, 5, 7
Let i = -32804 + 47207. List the prime factors of i.
3, 4801
Suppose -11*p + 14*p = -18. Let b(d) = d**2 + 8*d + 11. Let t be b(p). What are the prime factors of 3/t + -18 + 37?
2
Let g = 1310 + -614. What are the prime factors of (g/32)/((-6)/(-176))?
2, 11, 29
Let u = 1416 - 1069. List the prime factors of u.
347
Let n(z) = -2*z - 26. Let q be n(-14). Let s(y) = y + 143 + 17*y**q - 78 - 27 + y**3. List the prime factors of s(-17).
3, 7
Let d(p) = 397*p**2 + 5632*p - 25. What are the prime factors of d(-15)?
2, 5, 241
Let t = -28377 + 43621. What are the prime factors of t?
2, 37, 103
Let c(x) = 9*x - 51. Let t(r) = 4*r - 26. Let d(f) = 6*c(f) - 13*t(f). Let u = 2320 + -2306. What are the prime factors of d(u)?
2, 3, 5
Let f = -937 - -941. Let r(j) = 3*j**3 + 3*j**2 - 5*j + 3. Let p(v) = 2*v**3 + v**2 - 3*v + 1. Let a(n) = -5*p(n) + 3*r(n). List the prime factors of a(f).
2
Let v(n) = -n**3 + 18*n**2 + 2*n. Let r be v(16). Let g = r - 289. List the prime factors of g.
3, 5, 17
Let n be 1/4 + -11*(-20)/16. What are the prime factors of 2/7 - (-2)/n*6837?
977
Let r(o) = o**3 - 15*o**2 - 33*o + 45. Let m be r(17). Suppose k = -1 + 6. Suppose -2*q = 2*w - 198, 4*q + k*w = 463 - m. List the prime factors of q.
2, 47
Let c = -875 - -117. Let j = c - -1751. List the prime factors of j.
3, 331
Let j = -22169 - -24055. List the prime factors of j.
2, 23, 41
Suppose 36231 + 24339 = 9*u. List the prime factors of u.
2, 5, 673
Let p(u) = -47*u + 396. What are the prime factors of p(-9)?
3, 7, 13
Suppose 0 = 5*c + 2*w - 18512, 0 = -4*c - 16*w + 19*w + 14828. List the prime factors of c.
2, 463
Suppose 5*g - 37 = -2*v, 0 = 5*v - v + 5*g - 49. Suppose v*d - 218 = 4*d. Suppose -79 = -4*p + d. List the prime factors of p.
47
Let u(d) = -7*d + 122. Suppose 10*h + 65 = 5*h. What are the prime factors of u(h)?
3, 71
Suppose 4*t - 3*p + 75 = 0, -2*p = -t - 13 - 12. Let g be 6/t - 36/15*-1. Suppose 4*c = -c - 25, 3*c = -g*u + 199. What are the prime factors of u?
107
Let c = 2626 - -1906. List the prime factors of c.
2, 11, 103
Suppose -78*o = -54*o + 360. Let h(c) = 5*c**2 - 8 - 22*c - 13 - 3*c**2 - 3*c**2. List the prime factors of h(o).
2, 3, 7
What are the prime factors of (-21)/((-382872)/31904 - -12)?
2, 7, 997
Suppose -4*v = -j - 200, -4*v - 34 + 218 = 3*j. Suppose v = 3*k - m, -63 = -k - 4*k - 3*m. Suppose 93 - 633 = -k*x. What are the prime factors of x?
2, 3
Let x = -7353 - -30185. What are the prime factors of x?
2, 1427
Suppose 10*s = -s + 275. Suppose 0 = -2*a - 4, -2*i - a = -663 + s. What are the prime factors of i?
2, 5
Let v(u) = -u**2 + 11*u - 25. Let h be v(4). Suppose 2*s + q = -0*s + 1380, q = -h*s + 2072. List the prime factors of s.
2, 173
Suppose 0 = 16*h + 3029 - 8389. Suppose 790 = 9*m - h. List the prime factors of m.
5
Let a be (-4616)/(-6)*(-18)/(-24). Let m = 1118 - a. List the prime factors of m.
541
Suppose -11*k = -156*k + 99325. What are the prime factors of k?
5, 137
Let q = -1615 - -8652. What are the prime factors of q?
31, 227
Let z(v) = 2662*v**2 + 230*v + 926. List the prime factors of z(-4).
2, 19, 59
Let h(x) = -8*x**3 + x**2 - 1. Suppose 3*u + 2 + 1 = 3*m, 3*m - 11 = u. Suppose 3*c = 5*s + u, -s = 3*s - 3*c + 2. List the prime factors of h(s).
67
Suppose 6 = 94*x - 96*x. What are the prime factors of 3 - (-41 - x)*5?
193
Let o(b) = -b - 1. Let i(n) = 751*n - 30. Let q(m) = i(m) - 4*o(m). What are the prime factors of q(1)?
3
Let z be (-120)/50*(-10)/6. Let y(u) = u - 8. Let l be y(12). Suppose m = l*d - 614, -2*d = -m - z - 304. List the prime factors of d.
3, 17
Let n be (0*2/4)/(-1). Let h be (4 + 32/(-7))*(-56)/8. Suppose -h*y + y + 174 = n. List the prime factors of y.
2, 29
Let x be 12/2*3/(-6). Let l(w) = w**2 + 2*w + 1. Let j be l(x). Suppose -j*m = -264 + 4. What are the prime factors of m?
5, 13
Let t(u) = -2*u - 44. Let g(f) = -f - 23. Let a(n) = -11*g(n) + 6*t(n). Let v be a(-21). What are the prime factors of 645/25 - (-2)/v?
2, 13
Suppose 3*m + 3 = 4*m - t, -4*m + 2*t = -16. What are the prime factors of ((-14832)/(-90))/((-8)/m + 2)?
2, 103
Let x(v) = 25*v - 7. Let u be x(2). Suppose 42*y - u*y - 2 = 0. List the prime factors of 16/(-10)*(y - 3).
2
Suppose -3*p + 22298 = -2*z, 159*p + 37138 = 164*p + 3*z. What are the prime factors of p?
2, 5, 743
Suppose 0 = -4*m + 5*i + 155043, -78*i + 80*i = 4*m - 155046. What are the prime factors of m?
2, 19381
Let o(j) be the first derivative of j**4/4 - 32*j**3/3 - 32*j**2 + 67*j + 33. What are the prime factors of o(35)?
2, 751
Let t be 104/(-24) + 5 + (-4)/(-3). Suppose -h + 411 = 2*j, 0*h - 3*h - t*j = -1221. List the prime factors of h.
3, 5
Suppose 4*v = -3*z + 9701, -9686 = -12*v + 8*v + 2*z. What are the prime factors of v?
2423
Let u = -2535 - -5237. What are the prime factors of (-30)/(-165) + u/22?
3, 41
Suppose y + 27213 = s - 32382, -s - 2*y = -59601. What are the prime factors of s?
61, 977
Let w(j) = j + 1. Let g(n) = -6*n + 2. Let q(z) = 5*g(z) + 35*w(z). List the prime factors of q(13).
2, 5, 11
Suppose -2*h + 0*h = 6. Let s be (12/(-9))/(h/9). Suppose 3*f = -j + 61, 0 = -3*j - 0*f - s*f + 168. What are the prime factors of j?
2, 13
Suppose 2*y - 351 = -27. Suppose 164*z - y*z = 1148. List the prime factors of z.
2, 7, 41
Suppose 108076 = -56*b + 60*b + 4*w, w = 3*b - 81033. What are the prime factors of b?
7, 17, 227
Let j = -84465 + 120178. List the prime factors of j.
71, 503
Let i = 26 + 36. Let h(k) = k**3 - 7*k**2 + 5. Let c be h(7). Suppose c*p + i = 7*p. What are the prime factors of p?
31
Let f(l) = l**3 - 29*l**2 + 12*l - 45. Let m be f(32). Let q = m + -2417. List the prime factors of q.
2, 7, 71
Let u = -30458 - -58073. List the prime factors of u.
3, 5, 7, 263
Let l(c) = -c**2 + c + 2. Let i be l(0). Suppose 3*m = -1117 + 1996. Suppose -i*y - 35 = -m. What are the prime factors of y?
3, 43
Let l be 4/8*8*1. Suppose l*m - 1801 = -p, -3*m + 1973 = p + 623. What are the prime factors of m?
11, 41
Let x(l) = -4*l**3 + 6*l**2 - 11*l - 120. List the prime factors of x(-17).
3, 7151
Let v be (4 + -1)*(-20)/(-30). Suppose -5*n + v*n = -t - 15, -3*t + 5 = n. Suppose 43 = -t*w + w - x, 0 = 4*w - 3*x - 176. What are the prime factors of w?
47
Let n(b) = -b**3 + 5*b**2 - 8*b + 8. Let l be n(4). Let a = -19 - l. Let y(t) = 2*t**2 + 10*t - 17. What are the prime factors of y(a)?
5, 23
Let o(i) = -875*i**3 - 6*i - 42. What are the prime factors of o(-4)?
2, 23, 1217
Let s be (-2 + 40/14)/(45/210). Suppose 0*v = -5*a - s*v + 1655, -3*a + 995 = 2*v. Suppose 5*k - 3*d = 365, 5*k - a = -2*d - d. List the prime factors of k.
2, 5, 7
Let s(a) = -222 + 111 + 78 + 21*a**2 + 24*a - a**3. Suppose p - 88 = -3*p. What are the prime factors of s(p)?
11
Suppose -6*y = 16*y - 88. Suppose y*x - 2*c - 502 = 0, 7*x - 4*x - 5*c - 394 = 0. List the prime factors of x.
3, 41
Let y = -331 + 335. Suppose 0 = -y*p + 4*c + 876, c = 3*c. What are the prime factors of p?
3, 73
Suppose -s + 88 - 542 = 0. Let l = s - -1060. Suppose 54*p - 51*p - l = 0. What are the prime factors of p?
2, 101
Let u = 6043 - -13793. What are the prime factors of u?
2, 3, 19, 29
Suppose b + 7436 = t + 4*b, 4*t - 29733 = -b. What are the prime factors of t?
7433
Let m = -223 - 502. Let b = -15 - m. Suppose -5*z + 5*n = -4*z - 150, 0 = -5*z + 5*n + b. List the prime factors of z.
2, 5, 7
Let s be 1/3 - 52/39. Let w be (-35)/(-3) - s/3. List the prime factors of (-2 + 3 + (-39)/(-12))*w.
3, 17
Let g(k) = -4*k - 18. Let f be g(-5). Suppose 5*t - 14 = -2*c, -f*c - 4*t = -5*c + 44. List the prime factors of (-357)/c*(3 + 1)*-1.
7, 17
Let b(z) be the second derivative of 7*z**4/12 - z**3/2 - z**2 + 8*z. What are the prime factors of b(-13)?
2, 5, 61
Let f be (-86)/(-18) + 6/27. Suppose 33*d - 3*d = 20850. Suppose f*j + 100 - d = 0. What